{"id":2,"date":"2017-10-24T09:26:42","date_gmt":"2017-10-24T09:26:42","guid":{"rendered":"http:\/\/proyectoscprgijon.es\/gamificacion\/?page_id=2"},"modified":"2018-07-26T11:41:06","modified_gmt":"2018-07-26T11:41:06","slug":"academia","status":"publish","type":"page","link":"https:\/\/proyectoscprgijon.es\/gamificacion\/academia\/","title":{"rendered":"Academia"},"content":{"rendered":"<p>En esta p\u00e1gina , en un futuro no muy lejano, podr\u00e1s encontrar material de formaci\u00f3n sobre gamificaci\u00f3n y ABJ.<\/p>\n<p>\u00bfCu\u00e1ndo? P\u00e1sate de vez en cuando, seguro que, cuando menos te lo esperes, te llevar\u00e1s una buena sorpresa.<\/p>\n","protected":false},"excerpt":{"rendered":"<p>En esta p\u00e1gina , en un futuro no muy lejano, podr\u00e1s encontrar material de formaci\u00f3n sobre gamificaci\u00f3n y ABJ. \u00bfCu\u00e1ndo? P\u00e1sate de vez en cuando, seguro que, cuando menos te lo esperes, te llevar\u00e1s una buena sorpresa.<\/p>\n","protected":false},"author":1,"featured_media":0,"parent":0,"menu_order":0,"comment_status":"closed","ping_status":"open","template":"","meta":[],"_links":{"self":[{"href":"https:\/\/proyectoscprgijon.es\/gamificacion\/wp-json\/wp\/v2\/pages\/2"}],"collection":[{"href":"https:\/\/proyectoscprgijon.es\/gamificacion\/wp-json\/wp\/v2\/pages"}],"about":[{"href":"https:\/\/proyectoscprgijon.es\/gamificacion\/wp-json\/wp\/v2\/types\/page"}],"author":[{"embeddable":true,"href":"https:\/\/proyectoscprgijon.es\/gamificacion\/wp-json\/wp\/v2\/users\/1"}],"replies":[{"embeddable":true,"href":"https:\/\/proyectoscprgijon.es\/gamificacion\/wp-json\/wp\/v2\/comments?post=2"}],"version-history":[{"count":7,"href":"https:\/\/proyectoscprgijon.es\/gamificacion\/wp-json\/wp\/v2\/pages\/2\/revisions"}],"predecessor-version":[{"id":234,"href":"https:\/\/proyectoscprgijon.es\/gamificacion\/wp-json\/wp\/v2\/pages\/2\/revisions\/234"}],"wp:attachment":[{"href":"https:\/\/proyectoscprgijon.es\/gamificacion\/wp-json\/wp\/v2\/media?parent=2"}],"curies":[{"name":"wp","href":"https:\/\/api.w.org\/{rel}","templated":true}]}}