{"id":279,"date":"2018-10-18T08:59:09","date_gmt":"2018-10-18T08:59:09","guid":{"rendered":"http:\/\/proyectoscprgijon.es\/gamificacion\/?page_id=279"},"modified":"2018-10-18T09:03:51","modified_gmt":"2018-10-18T09:03:51","slug":"sobre-nosotros","status":"publish","type":"page","link":"https:\/\/proyectoscprgijon.es\/gamificacion\/sobre-nosotros\/","title":{"rendered":"Sobre Nosotros"},"content":{"rendered":"<h4><span style=\"color: #ffffff;\">Este sitio web est\u00e1 desarrollado por el <strong><span style=\"color: #000000;\"><a style=\"color: #000000;\" href=\"http:\/\/www.cprgijon.es\" target=\"_blank\" rel=\"noopener\">CPR de Gij\u00f3n-Oriente<\/a><\/span><\/strong> como apoyo a las actividades de formaci\u00f3n del profesorado relacionadas con el aprendizaje inspirado en juegos, aprendizaje basado en juegos y ludificaci\u00f3n. En \u00e9l podr\u00e1s encontrar experiencias dise\u00f1adas por el profesorado participante en las actividades de formaci\u00f3n, recursos para utilizar en el aula, enlaces a p\u00e1ginas de referencia en el campo y material de formaci\u00f3n. La p\u00e1gina est\u00e1 en constante desarrollo.<\/span><\/h4>\n<p><img loading=\"lazy\" class=\"aligncenter size-medium wp-image-280\" src=\"http:\/\/proyectoscprgijon.es\/gamificacion\/wp-content\/uploads\/2018\/10\/lego-3388163_1280-300x115.png\" alt=\"\" width=\"300\" height=\"115\" srcset=\"https:\/\/proyectoscprgijon.es\/gamificacion\/wp-content\/uploads\/2018\/10\/lego-3388163_1280-300x115.png 300w, https:\/\/proyectoscprgijon.es\/gamificacion\/wp-content\/uploads\/2018\/10\/lego-3388163_1280-768x295.png 768w, https:\/\/proyectoscprgijon.es\/gamificacion\/wp-content\/uploads\/2018\/10\/lego-3388163_1280-1024x394.png 1024w, https:\/\/proyectoscprgijon.es\/gamificacion\/wp-content\/uploads\/2018\/10\/lego-3388163_1280-400x154.png 400w, https:\/\/proyectoscprgijon.es\/gamificacion\/wp-content\/uploads\/2018\/10\/lego-3388163_1280-800x308.png 800w, https:\/\/proyectoscprgijon.es\/gamificacion\/wp-content\/uploads\/2018\/10\/lego-3388163_1280-24x9.png 24w, https:\/\/proyectoscprgijon.es\/gamificacion\/wp-content\/uploads\/2018\/10\/lego-3388163_1280-36x14.png 36w, https:\/\/proyectoscprgijon.es\/gamificacion\/wp-content\/uploads\/2018\/10\/lego-3388163_1280-48x18.png 48w, https:\/\/proyectoscprgijon.es\/gamificacion\/wp-content\/uploads\/2018\/10\/lego-3388163_1280.png 1280w\" sizes=\"(max-width: 300px) 100vw, 300px\" \/><\/p>\n","protected":false},"excerpt":{"rendered":"<p>Este sitio web est\u00e1 desarrollado por el CPR de Gij\u00f3n-Oriente como apoyo a las actividades de formaci\u00f3n del profesorado relacionadas con el aprendizaje inspirado en juegos, aprendizaje basado en juegos y ludificaci\u00f3n. En \u00e9l podr\u00e1s encontrar experiencias dise\u00f1adas por el profesorado participante en las actividades de formaci\u00f3n, recursos para utilizar en el aula, enlaces a [&hellip;]<\/p>\n","protected":false},"author":1,"featured_media":0,"parent":0,"menu_order":0,"comment_status":"closed","ping_status":"closed","template":"","meta":[],"_links":{"self":[{"href":"https:\/\/proyectoscprgijon.es\/gamificacion\/wp-json\/wp\/v2\/pages\/279"}],"collection":[{"href":"https:\/\/proyectoscprgijon.es\/gamificacion\/wp-json\/wp\/v2\/pages"}],"about":[{"href":"https:\/\/proyectoscprgijon.es\/gamificacion\/wp-json\/wp\/v2\/types\/page"}],"author":[{"embeddable":true,"href":"https:\/\/proyectoscprgijon.es\/gamificacion\/wp-json\/wp\/v2\/users\/1"}],"replies":[{"embeddable":true,"href":"https:\/\/proyectoscprgijon.es\/gamificacion\/wp-json\/wp\/v2\/comments?post=279"}],"version-history":[{"count":4,"href":"https:\/\/proyectoscprgijon.es\/gamificacion\/wp-json\/wp\/v2\/pages\/279\/revisions"}],"predecessor-version":[{"id":285,"href":"https:\/\/proyectoscprgijon.es\/gamificacion\/wp-json\/wp\/v2\/pages\/279\/revisions\/285"}],"wp:attachment":[{"href":"https:\/\/proyectoscprgijon.es\/gamificacion\/wp-json\/wp\/v2\/media?parent=279"}],"curies":[{"name":"wp","href":"https:\/\/api.w.org\/{rel}","templated":true}]}}