{"id":39,"date":"2017-11-28T16:01:07","date_gmt":"2017-11-28T16:01:07","guid":{"rendered":"http:\/\/proyectoscprgijon.es\/gamificacion\/?page_id=39"},"modified":"2020-03-19T16:00:57","modified_gmt":"2020-03-19T16:00:57","slug":"enlaces-el","status":"publish","type":"page","link":"https:\/\/proyectoscprgijon.es\/gamificacion\/enlaces-el\/","title":{"rendered":"Enlaces"},"content":{"rendered":"<p>En esta p\u00e1gina encontrar\u00e1s enlaces a p\u00e1ginas de compa\u00f1eros y compa\u00f1eras de viaje con mucha experiencia, que nos pueden ayudar a superar las pruebas que a buen seguro nos esperan en el camino&#8230;<\/p>\n<p><a href=\"\">Mr. Wolf Teaching Corner<\/a><\/p>\n<p><a href=\"http:\/\/www.jueducacion.com\" target=\"_blank\" rel=\"noopener noreferrer\"><img loading=\"lazy\" src=\"http:\/\/proyectoscprgijon.es\/gamificacion\/wp-content\/uploads\/2017\/12\/oscarrecio-300x200.png\" alt=\"\" width=\"300\" height=\"200\"><\/a><\/p>\n<p>\u00d3scar Recio Coll<\/p>\n<p><a href=\"\">A la luz de una bombilla<\/a><\/p>\n<p><a href=\"https:\/\/www.alaluzdeunabombilla.com\/home\/\" target=\"_blank\" rel=\"noopener noreferrer\"><img loading=\"lazy\" src=\"http:\/\/proyectoscprgijon.es\/gamificacion\/wp-content\/uploads\/2017\/12\/pedraz-1-300x200.png\" alt=\"\" width=\"300\" height=\"200\"><\/a><\/p>\n<p>Pepe Pedraz<\/p>\n<p><a href=\"\">\u00c1gora Abierta<\/a><\/p>\n<p><a href=\"https:\/\/www.agorabierta.com\/\" target=\"_blank\" rel=\"noopener noreferrer\"><img loading=\"lazy\" src=\"http:\/\/proyectoscprgijon.es\/gamificacion\/wp-content\/uploads\/2017\/12\/cordero-1-300x200.png\" alt=\"\" width=\"300\" height=\"200\"><\/a><\/p>\n<p>Clara Cordero<\/p>\n<p><a href=\"\">Gamifica tu aula<\/a><\/p>\n<p><a href=\"http:\/\/gamificatuaula.wixsite.com\/ahora\" target=\"_blank\" rel=\"noopener noreferrer\"><img loading=\"lazy\" src=\"http:\/\/proyectoscprgijon.es\/gamificacion\/wp-content\/uploads\/2017\/12\/gamificatuaula-300x200.png\" alt=\"\" width=\"300\" height=\"200\"><\/a><\/p>\n<p>Comunidad de profesores gamificadores<\/p>\n<p><a href=\"\">1d10 en la mochila<\/a><\/p>\n<p><a href=\"https:\/\/1d10enlamochila.wordpress.com\/\" target=\"_blank\" rel=\"noopener noreferrer\"><img loading=\"lazy\" src=\"http:\/\/proyectoscprgijon.es\/gamificacion\/wp-content\/uploads\/2017\/12\/mate-300x200.png\" alt=\"\" width=\"300\" height=\"200\"><\/a><\/p>\n<p>Natxo Mat\u00e9<\/p>\n<p><a href=\"\">Knowmada Ludens<\/a><\/p>\n<p><a href=\"http:\/\/proyectoscprgijon.es\/gamificacion\/wp-content\/uploads\/2018\/10\/azaharatic.png\" target=\"_blank\" rel=\"noopener noreferrer\"><img loading=\"lazy\" src=\"http:\/\/proyectoscprgijon.es\/gamificacion\/wp-content\/uploads\/2018\/10\/azaharatic-300x223.png\" alt=\"\" width=\"300\" height=\"223\"><\/a><\/p>\n<p>Azahara G. Peralta<\/p>\n<p><a href=\"\">El maestro Manu<\/a><\/p>\n<p><a href=\"http:\/\/www.elmaestromanu.com\" target=\"_blank\" rel=\"noopener noreferrer\"><img loading=\"lazy\" src=\"http:\/\/proyectoscprgijon.es\/gamificacion\/wp-content\/uploads\/2017\/12\/sanchezmontero-1-300x200.png\" alt=\"\" width=\"300\" height=\"200\"><\/a><\/p>\n<p>Manu S\u00e1nchez Montero<\/p>\n<p><a href=\"\">Educando en buena compa\u00f1\u00eda<\/a><\/p>\n<p><a href=\"http:\/\/educompania.blogspot.com\/\" target=\"_blank\" rel=\"noopener noreferrer\"><img loading=\"lazy\" src=\"http:\/\/proyectoscprgijon.es\/gamificacion\/wp-content\/uploads\/2018\/10\/vitoricaurdin-300x223.png\" alt=\"\" width=\"300\" height=\"223\"><\/a><\/p>\n<p>Andrea Vit\u00f3rica y Miguel Urd\u00edn<\/p>\n<p><a href=\"\">Jos\u00e9 Luis Redondo<\/a><\/p>\n<p><a href=\"https:\/\/joseluisredondo.me\/\" target=\"_blank\" rel=\"noopener noreferrer\"><img loading=\"lazy\" src=\"http:\/\/proyectoscprgijon.es\/gamificacion\/wp-content\/uploads\/2018\/12\/jlred-1-300x200.png\" alt=\"\" width=\"300\" height=\"200\"><\/a><\/p>\n<p>Jos\u00e9 Luis Redondo<\/p>\n<p><a href=\"\">Cat\u00e1logo de experiencias l\u00fadicas<\/a><\/p>\n<p><a href=\"https:\/\/www.elcel.org\/es\/\"><img loading=\"lazy\" src=\"http:\/\/proyectoscprgijon.es\/gamificacion\/wp-content\/uploads\/2018\/12\/CEL-300x200.png\" alt=\"\" width=\"300\" height=\"200\"><\/a><\/p>\n<p>Laboratori de jocs<\/p>\n","protected":false},"excerpt":{"rendered":"<p>En esta p\u00e1gina encontrar\u00e1s enlaces a p\u00e1ginas de compa\u00f1eros y compa\u00f1eras de viaje con mucha experiencia, que nos pueden ayudar a superar las pruebas que a buen seguro nos esperan en el camino&#8230; Mr. Wolf Teaching Corner \u00d3scar Recio Coll A la luz de una bombilla Pepe Pedraz \u00c1gora Abierta Clara Cordero Gamifica tu aula [&hellip;]<\/p>\n","protected":false},"author":1,"featured_media":0,"parent":0,"menu_order":0,"comment_status":"closed","ping_status":"closed","template":"","meta":[],"_links":{"self":[{"href":"https:\/\/proyectoscprgijon.es\/gamificacion\/wp-json\/wp\/v2\/pages\/39"}],"collection":[{"href":"https:\/\/proyectoscprgijon.es\/gamificacion\/wp-json\/wp\/v2\/pages"}],"about":[{"href":"https:\/\/proyectoscprgijon.es\/gamificacion\/wp-json\/wp\/v2\/types\/page"}],"author":[{"embeddable":true,"href":"https:\/\/proyectoscprgijon.es\/gamificacion\/wp-json\/wp\/v2\/users\/1"}],"replies":[{"embeddable":true,"href":"https:\/\/proyectoscprgijon.es\/gamificacion\/wp-json\/wp\/v2\/comments?post=39"}],"version-history":[{"count":58,"href":"https:\/\/proyectoscprgijon.es\/gamificacion\/wp-json\/wp\/v2\/pages\/39\/revisions"}],"predecessor-version":[{"id":533,"href":"https:\/\/proyectoscprgijon.es\/gamificacion\/wp-json\/wp\/v2\/pages\/39\/revisions\/533"}],"wp:attachment":[{"href":"https:\/\/proyectoscprgijon.es\/gamificacion\/wp-json\/wp\/v2\/media?parent=39"}],"curies":[{"name":"wp","href":"https:\/\/api.w.org\/{rel}","templated":true}]}}